f v**3/3 + 7*v**2/2 - 14*v + 1. Let k be n(-10). Calculate the highest common divisor of f and k.
16
Let w(p) = -p**2 + 6*p - 1. Let l be w(4). Let y be 4 - 0/(-4 + 2). Suppose -49 = -y*i + 7. Calculate the greatest common divisor of l and i.
7
Let p = 2 + 43. Suppose 8 = 4*t + i, 2*t - 4*i - 10 = 12. Suppose 9 = t*u - 6. What is the greatest common divisor of p and u?
5
Let y = 33 - 31. Let u = -9 - -27. What is the highest common divisor of y and u?
2
Let r be ((-9)/6 + 1)/(5/(-10)). Let g = -3 - -6. Calculate the highest common divisor of r and g.
1
Suppose 3*z - 584 = -2*b, 0 = -2*z + 5*z + 3*b - 588. Calculate the highest common factor of 24 and z.
24
Let a(l) be the first derivative of -l**4/4 - l**3/3 + 3*l**2 + 7*l - 10. Let x be a(-4). Calculate the highest common factor of 31 and x.
31
Suppose 0 = -0*i + i - 2*v - 16, -2*i - v + 57 = 0. What is the greatest common divisor of 104 and i?
26
Suppose -4*h + h = -6, -h - 70 = 3*p. Let n be 52*(-14)/p*3. Let q be n/6 - (-1)/(-6). Calculate the greatest common divisor of q and 45.
15
Let j be 9/(1/2 - -1). Suppose 21 = 3*w + 12. What is the highest common divisor of w and j?
3
Let g be (28/(-10))/((-3)/45). Suppose 5*v + 5*x - 187 = -22, 3*v = -x + 89. Calculate the highest common divisor of v and g.
14
Suppose j = -2*p + 2, -6*p + 9 = 3*j - 3*p. Let o be 5*4/(j/3). Suppose -2*t - b + 30 = b, -4*t = b - 60. Calculate the highest common divisor of o and t.
15
Let v be -3*3/((-6)/124). Let z be v - (-1 + 0)*-2. What is the highest common divisor of 23 and z?
23
Let l(t) = -6 - 2*t**2 - t**3 + 3*t + 6*t + 7*t**2. Let m be l(6). Let q = 28 - m. Calculate the highest common factor of q and 8.
8
Suppose -5*d = -153 - 92. Let w = -5 - -12. What is the highest common divisor of w and d?
7
Let h = 4 + -1. Suppose 0 = 4*n - 3*n - 4*i - h, 2*n = 2*i + 6. What is the greatest common divisor of n and 27?
3
Let u(k) = 6*k + 10. Let q be u(6). Calculate the highest common divisor of 23 and q.
23
Suppose 0 = -2*w + 22 - 0. Let i = w - 2. Let l be (12 - 3)*(i + -1). Calculate the greatest common factor of 8 and l.
8
Let s be 15 + 0*2/6. Let d = 28 - s. Calculate the greatest common factor of 39 and d.
13
Suppose 6 = -4*j + 18. Let f be ((-23)/(-1))/(j/3). What is the highest common factor of f and 46?
23
Suppose 0 = 2*b - 0*y + 2*y - 144, -b = -3*y - 64. What is the highest common divisor of 10 and b?
10
Suppose -r - 4 = -o, -r - 9 = -5*o + 3*o. Let t = o - 2. Suppose m = -5*h - m + 17, t*m + 17 = h. Calculate the highest common divisor of 5 and h.
5
Let c = 7 - -1. Let d = c - 3. What is the highest common divisor of 20 and d?
5
Suppose 0 = -4*k + 17 + 11. Calculate the highest common factor of 28 and k.
7
Suppose 15 = -5*t, 3*x = t + 2*t + 18. Suppose 4*j - 5*o + 13 = 0, -6 - 8 = -x*j - o. Calculate the greatest common factor of j and 12.
3
Let c be (-892)/(-14) - 6/(-21). Let y = 30 + -20. Suppose 5*n - 30 = y. Calculate the greatest common divisor of c and n.
8
Let a = 33 - 12. Calculate the highest common divisor of a and 14.
7
Let w(x) = 4*x**2 + 3*x - 3. Let n be w(5). Let t = n + -76. What is the greatest common factor of t and 24?
12
Let a = -111 + 117. Let g = -1 - -4. Suppose 3*j + g = 4*j. Calculate the highest common divisor of j and a.
3
Let r(q) = 23*q**2 - 1. Let z be (1/4)/(7/28). Let i be r(z). Calculate the highest common divisor of 2 and i.
2
Let n(l) = -132*l + 1. Let k be n(-3). Let q = k + -237. Calculate the greatest common divisor of 20 and q.
20
Let a(k) = 5*k + 14. Let z(v) = 4*v + 13. Let j(p) = 5*a(p) - 6*z(p). Let c be j(11). Calculate the greatest common divisor of 21 and c.
3
Suppose 0 = 3*d - 115 - 29. Suppose -b - 2*b = -d. What is the greatest common divisor of 40 and b?
8
Suppose 550 = 2*b + 3*h, -2*h = -5*b - h + 1375. Calculate the greatest common divisor of 25 and b.
25
Suppose -z = i - 19, -2*i + 2*z + 32 = i. Suppose -3*t + 0*t = -105. Let n = t + 77. What is the greatest common divisor of i and n?
14
Suppose 8 = 2*p - 30. What is the greatest common factor of 19 and p?
19
Suppose 0 = -s + 28 + 76. Let v be (-12)/(-4) - 3/(-3). Let d be v/6*(-117)/(-6). Calculate the greatest common divisor of d and s.
13
Let t(f) = 12*f**2 - 1. Let b be t(-1). Calculate the greatest common factor of b and 22.
11
Suppose 14*n = 10*n + 60. Calculate the greatest common factor of 5 and n.
5
Let u = -4 - -6. Suppose 0 = -u*s + 4*h - 43 + 105, -h + 22 = s. Let b = s - 12. Calculate the highest common factor of b and 65.
13
Let z = 1 + 1. Let i be (-1*z - -3) + 7. Let n = i + -1. Calculate the greatest common factor of n and 14.
7
Let y(v) = -v**3 + 7*v**2 - 4*v - 3. Let a be y(5). Suppose 3*u = -2*u + 15. Let q = u + a. What is the highest common factor of q and 20?
10
Let h be -2 + -3 + 0 + 194. Suppose -170 = g - 3*g. Suppose s - 2 = n + 23, -g = -5*s - 5*n. What is the highest common factor of s and h?
21
Suppose 3*j = -2*j + 250. Suppose -4*n + 24 = r, 3*n - 10 = n. Suppose -r*g + 80 = -0*g. Calculate the highest common factor of j and g.
10
Let n = 60 - 33. What is the greatest common factor of n and 9?
9
Suppose -19 = -5*v - 4*d, 0 = 3*v + v - 3*d - 40. Calculate the highest common divisor of 56 and v.
7
Let j be 29/6 - (-7)/42. Suppose 3*c + j = 215. What is the greatest common factor of 10 and c?
10
Let c(i) = i**3 + 5*i**2 + 4. Let t be c(-5). Suppose 4 = t*u - 0. Let a(r) = 24*r**2 + r - 1. Let q be a(u). What is the greatest common factor of 16 and q?
8
Suppose 0*f - 6 = -2*f. Let p = f + 1. Suppose -1 = -p*k + 3*k. What is the greatest common factor of k and 7?
1
Suppose 4*s - 28 = -4*b, s + 2*b - 19 = -2*b. Suppose -s*i - 2*i - 25 = 0. Let p = i - -30. What is the greatest common factor of p and 5?
5
Suppose 4*p - 117 = -1. Calculate the highest common divisor of p and 116.
29
Let y(t) = -17*t. Let m(w) = -39*w - 116*w + 20*w - 19*w. Let r(p) = -3*m(p) + 28*y(p). Let c be r(-5). Calculate the highest common divisor of 28 and c.
14
Let o = 2 - -5. Calculate the highest common factor of o and 21.
7
Let g = 149 - -31. Let s = 33 + -15. Let m be s*-1*2/(-2). Calculate the highest common factor of m and g.
18
Suppose 6*y - 53 = -b + 2*y, -10 = -2*y. What is the highest common divisor of 22 and b?
11
Let s = 5 + 0. Suppose -s*y - 44 = -3*r, 5*r + 5*y = 2*y + 96. Let a be ((-126)/35)/((-2)/15). What is the highest common factor of a and r?
9
Suppose 4*q - 65 = 79. Suppose 3*l - 40 = -4*v + 16, -1 = 2*l - 5*v. What is the greatest common divisor of l and q?
12
Let y be 20/(-6)*72/(-10). Let n be (y/(-10))/(3/(-100)). What is the greatest common factor of 10 and n?
10
Let c = 3 + 0. Suppose 3*x + r = 25, -c*r = x - 5*x + 55. What is the highest common factor of x and 50?
10
Suppose -20 = 4*b + b, -3*t = -4*b - 124. What is the highest common divisor of 9 and t?
9
Let b = 8 + -3. Suppose b*p = p + 24. Calculate the highest common factor of 12 and p.
6
Suppose -1 - 5 = 2*q, -11 = -2*c + 3*q. Let z be (c - 2) + (-22)/(-2). Let n be -4*7/(-70)*25. What is the greatest common factor of z and n?
10
Suppose 3*s - 2*y - 66 = -s, -90 = -5*s + 5*y. Calculate the highest common factor of 60 and s.
15
Suppose -4*d - 8 = 5*b, 5*d = 3*b + 4*d + 15. Let k be -2*6/b - -1. Calculate the highest common factor of k and 44.
4
Let m = 14 - 42. Let j = -46 - m. Let u = j - -33. Calculate the greatest common divisor of u and 5.
5
Let s = 0 - -1. Let h(g) = g - 3. Let w be h(4). Let t = s + w. What is the highest common divisor of t and 2?
2
Let t be 0/(2/(-1)) - -3. Let q be (t/(-2))/((-9)/18). What is the greatest common factor of q and 27?
3
Suppose -q - a = -68, -115 = 18*q - 20*q + 5*a. Suppose -z = 11 - 37. What is the greatest common divisor of z and q?
13
Let l be (0 + 3)/(3/(-48)). Let c = l + 24. Let m = -14 - c. What is the highest common divisor of m and 15?
5
Suppose -5*b + 75 = 3*q - 2*q, 0 = -3*b + q + 37. Suppose -b = 5*a - 4. Let s be -1 + 19 + a*1. What is the highest common divisor of s and 144?
16
Let u be 0/(-1) - 1 - -16. Let k be (6/4)/((-1)/2). Let m(l) = 14*l**2 - 2*l + 3. Let n be m(k). Calculate the highest common factor of u and n.
15
Suppose 0 = d + 4*g - 6, d - 3*g - 2*g = 15. What is the greatest common divisor of 25 and d?
5
Let q(o) = -o**2 + 2. Let w be q(4). Let h = w